{"id":933,"date":"2025-12-09T17:51:29","date_gmt":"2025-12-09T17:51:29","guid":{"rendered":"https:\/\/creditvillage.news\/cvlab\/?page_id=933"},"modified":"2026-01-14T09:22:03","modified_gmt":"2026-01-14T09:22:03","slug":"faq-domande-frequenti","status":"publish","type":"page","link":"https:\/\/creditvillage.news\/cvlab\/faq-domande-frequenti\/","title":{"rendered":"FAQ |  Informazioni sui Corsi di Formazione"},"content":{"rendered":"[vc_row thb_full_width=&#8221;true&#8221; thb_row_padding=&#8221;true&#8221; thb_column_padding=&#8221;true&#8221; css=&#8221;.vc_custom_1531488420111{margin-bottom: 10vh !important;padding-top: 12vh !important;padding-bottom: 12vh !important;background: #94a0ac url(http:\/\/revolution.fuelthemes.net\/revolution-medical\/wp-content\/uploads\/sites\/24\/2018\/07\/r43.jpg?id=194) !important;background-position: center !important;background-repeat: no-repeat !important;background-size: cover !important;}&#8221;][vc_column][vc_row_inner][vc_column_inner thb_color=&#8221;thb-light-column&#8221; offset=&#8221;vc_col-lg-5 vc_col-md-7&#8243;]\t<div id=\"thb-slidetype-69debf1eb6994\" class=\"thb-slidetype \" data-style=\"style2\">\n\t\t\n<h1><span class=\"thb-slidetype-entry\"><span class=\"lines\">FAQ<\/span><\/span><\/h1>\n\t\t\t<\/div>\n\n\t[vc_empty_space height=&#8221;12px&#8221;][vc_column_text animation=&#8221;animation fade-in&#8221;]<span style=\"color: #ffffff;\">Informazioni sui Corsi di Formazione<\/span>[\/vc_column_text][\/vc_column_inner][\/vc_row_inner][\/vc_column][\/vc_row][vc_row css=&#8221;.vc_custom_1765303236636{margin-top: 5vh !important;margin-bottom: 5vh !important;}&#8221;][vc_column][vc_toggle title=&#8221;1. In che modalit\u00e0 si svolgono le lezioni?&#8221;]Le lezioni si terranno in streaming. Per chi lo desidera, sar\u00e0 comunque possibile partecipare al corso anche in presenza presso l\u2019auditorium di La Scala Formazione a Milano.[\/vc_toggle][vc_toggle title=&#8221;2. \u00c8 possibile seguire il corso in presenza?&#8221;]<span data-olk-copy-source=\"MessageBody\">S\u00ec, \u00e8 possibile partecipare in presenza presso l\u2019auditorium di La Scala Formazione a Milano.<\/span>[\/vc_toggle][vc_toggle title=&#8221;3. C&#8217;\u00e8 un numero minimo di partecipanti per avviare il corso? Se s\u00ec, quale?&#8221;]\n<div class=\"x_elementToProof\" data-ogsc=\"rgb(0, 0, 0)\"><span data-ogsc=\"\" data-ogsb=\"rgb(255, 255, 0)\" data-olk-copy-source=\"MessageBody\">Il corso partir\u00e0 al raggiungimento di almeno 10 partecipanti.<\/span><\/div>\n[\/vc_toggle][vc_toggle title=&#8221;4. Quando verr\u00e0 comunicata la conferma dell\u2019avvio del corso?&#8221;]\n<div class=\"x_elementToProof\" data-ogsc=\"rgb(0, 0, 0)\"><span data-olk-copy-source=\"MessageBody\">La conferma dell\u2019effettiva partenza del corso sar\u00e0 comunicata 10 giorni prima della data di inizio prevista.<\/span><\/div>\n[\/vc_toggle][vc_toggle title=&#8221;5. Quando ricever\u00f2 il link per seguire la diretta streaming del corso?&#8221;]\n<div class=\"x_elementToProof\" data-ogsc=\"rgb(0, 0, 0)\"><span data-olk-copy-source=\"MessageBody\">Il link per accedere alla diretta streaming verr\u00e0 inviato contestualmente alla conferma di avvio del corso.<\/span><\/div>\n[\/vc_toggle][vc_toggle title=&#8221;6. Cosa succede se non viene raggiunto il numero minimo di partecipanti?&#8221;]\n<div class=\"x_elementToProof\" data-ogsc=\"rgb(0, 0, 0)\">Se il numero minimo non verr\u00e0 raggiunto, il corso verr\u00e0 riproposto in una nuova data.<\/div>\n[\/vc_toggle][vc_toggle title=&#8221;7. Quando viene emessa la fattura relativa alla quota di iscrizione al corso?&#8221;]\n<div class=\"x_elementToProof\" data-ogsc=\"rgb(0, 0, 0)\"><span data-olk-copy-source=\"MessageBody\">La fattura verr\u00e0 emessa al momento dell\u2019iscrizione. Qualora il corso non abbia luogo per mancato raggiungimento del numero minimo di iscritti, l\u2019importo versato sar\u00e0, rimborsato integralmente oppure, su richiesta del partecipante, trattenuto e imputato a titolo di credito per la partecipazione al corso che verr\u00e0 riprogrammato in una data successiva.<br \/>\n<\/span><\/div>\n[\/vc_toggle][vc_toggle title=&#8221;8. \u00c8 possibile recedere dall\u2019iscrizione?&#8221;]\n<div class=\"x_elementToProof\" data-ogsc=\"rgb(0, 0, 0)\"><span data-olk-copy-source=\"MessageBody\">S\u00ec, \u00e8 possibile recedere senza penali fino a 2 settimane prima dell\u2019inizio del corso.<\/span><\/div>\n[\/vc_toggle][vc_toggle title=&#8221;9. Cosa succede se recedo oltre il termine previsto?&#8221;]\n<div class=\"x_elementToProof\" data-ogsc=\"rgb(0, 0, 0)\"><span data-olk-copy-source=\"MessageBody\">Oltre le 2 settimane dall\u2019inizio del corso non sar\u00e0 pi\u00f9 possibile annullare la partecipazione senza penali, ma rester\u00e0 comunque possibile sostituire il nominativo dell\u2019iscritto.<\/span><\/div>\n[\/vc_toggle][vc_toggle title=&#8221;10. Cosa succede se non posso partecipare a una lezione?&#8221;]\n<div class=\"x_elementToProof\" data-ogsc=\"rgb(0, 0, 0)\"><span data-olk-copy-source=\"MessageBody\">In caso di assenza, saranno comunque forniti tutti i materiali di supporto (slide, documenti, ecc.). Non \u00e8 prevista la registrazione delle lezioni.<\/span><\/div>\n[\/vc_toggle][vc_toggle title=&#8221;11. Le lezioni vengono registrate?&#8221;]\n<div class=\"x_elementToProof\" data-ogsc=\"rgb(0, 0, 0)\"><span data-olk-copy-source=\"MessageBody\">No, non \u00e8 prevista la registrazione. Verranno condivisi esclusivamente i materiali didattici.<\/span><\/div>\n[\/vc_toggle][vc_toggle title=&#8221;12. Al termine del corso, viene rilasciato un attestato di partecipazione?&#8221;]\n<div class=\"x_elementToProof\" data-ogsc=\"rgb(0, 0, 0)\"><span data-olk-copy-source=\"MessageBody\">S\u00ec, al termine del corso verr\u00e0 rilasciato un attestato di partecipazione intestato alla persona che ha effettivamente preso parte al corso.<\/span><\/div>\n[\/vc_toggle][\/vc_column][\/vc_row]\n","protected":false},"excerpt":{"rendered":"<p>[vc_row thb_full_width=&#8221;true&#8221; thb_row_padding=&#8221;true&#8221; thb_column_padding=&#8221;true&#8221; css=&#8221;.vc_custom_1531488420111{margin-bottom: 10vh !important;padding-top: 12vh !important;padding-bottom: 12vh !important;background: #94a0ac url(http:\/\/revolution.fuelthemes.net\/revolution-medical\/wp-content\/uploads\/sites\/24\/2018\/07\/r43.jpg?id=194) !important;background-position: center !important;background-repeat: no-repeat !important;background-size: cover !important;}&#8221;][vc_column][vc_row_inner][vc_column_inner thb_color=&#8221;thb-light-column&#8221; offset=&#8221;vc_col-lg-5 vc_col-md-7&#8243;][vc_empty_space height=&#8221;12px&#8221;][vc_column_text animation=&#8221;animation fade-in&#8221;]Informazioni sui Corsi di Formazione[\/vc_column_text][\/vc_column_inner][\/vc_row_inner][\/vc_column][\/vc_row][vc_row css=&#8221;.vc_custom_1765303236636{margin-top: 5vh !important;margin-bottom: 5vh !important;}&#8221;][vc_column][vc_toggle title=&#8221;1. In che modalit\u00e0 si svolgono le lezioni?&#8221;]Le lezioni si terranno in streaming. Per chi lo desidera, sar\u00e0 comunque possibile&hellip;<\/p>\n","protected":false},"author":1,"featured_media":0,"parent":0,"menu_order":0,"comment_status":"closed","ping_status":"closed","template":"","meta":{"footnotes":""},"class_list":["post-933","page","type-page","status-publish","hentry"],"_links":{"self":[{"href":"https:\/\/creditvillage.news\/cvlab\/wp-json\/wp\/v2\/pages\/933","targetHints":{"allow":["GET"]}}],"collection":[{"href":"https:\/\/creditvillage.news\/cvlab\/wp-json\/wp\/v2\/pages"}],"about":[{"href":"https:\/\/creditvillage.news\/cvlab\/wp-json\/wp\/v2\/types\/page"}],"author":[{"embeddable":true,"href":"https:\/\/creditvillage.news\/cvlab\/wp-json\/wp\/v2\/users\/1"}],"replies":[{"embeddable":true,"href":"https:\/\/creditvillage.news\/cvlab\/wp-json\/wp\/v2\/comments?post=933"}],"version-history":[{"count":8,"href":"https:\/\/creditvillage.news\/cvlab\/wp-json\/wp\/v2\/pages\/933\/revisions"}],"predecessor-version":[{"id":979,"href":"https:\/\/creditvillage.news\/cvlab\/wp-json\/wp\/v2\/pages\/933\/revisions\/979"}],"wp:attachment":[{"href":"https:\/\/creditvillage.news\/cvlab\/wp-json\/wp\/v2\/media?parent=933"}],"curies":[{"name":"wp","href":"https:\/\/api.w.org\/{rel}","templated":true}]}}