{"id":1082,"date":"2026-02-27T18:03:07","date_gmt":"2026-02-27T18:03:07","guid":{"rendered":"https:\/\/creditvillage.news\/cvlab\/?page_id=1082"},"modified":"2026-02-27T18:08:01","modified_gmt":"2026-02-27T18:08:01","slug":"roberta-maria-pagani","status":"publish","type":"page","link":"https:\/\/creditvillage.news\/cvlab\/roberta-maria-pagani\/","title":{"rendered":"Roberta Maria Pagani"},"content":{"rendered":"[vc_row css=&#8221;.vc_custom_1764088807639{margin-top: 80px !important;}&#8221;][vc_column][vc_column_text]\n<h2>Roberta Maria Pagani<\/h2>\n<p>Partner <strong>La Scala Societ\u00e0 Tra Avvocati<\/strong>[\/vc_column_text][\/vc_column][\/vc_row][vc_row][vc_column width=&#8221;1\/2&#8243;][vc_single_image image=&#8221;1085&#8243; img_size=&#8221;full&#8221;][\/vc_column][vc_column width=&#8221;1\/2&#8243;][vc_column_text]In Studio dal 2016, \u00e8 Partner dal 2026.<br \/>\nSvolge la sua attivit\u00e0 nel team concorsuale. \u00c8 esperta di diritto della crisi d\u2019impresa, in particolare di liquidazione giudiziale e procedure di sovraindebitamento. Fornisce assistenza a primari istituti bancari e servicer nell\u2019ambito di tutte le fasi delle procedure concorsuali, occupandosi anche del relativo contenzioso specialistico. Fornisce assistenza anche alle parti debitrici nell\u2019ambito di procedure concorsuali di restructuring o liquidatorie.<br \/>\nSi occupa, altres\u00ec, di contenzioso assicurativo.<br \/>\n\u00c8 autrice di articoli ed approfondimenti in materia di diritto concorsuale. Interviene come docente a corsi e seminari di settore, rivolti sia a legali professionisti che alla clientela bancaria.[\/vc_column_text][\/vc_column][\/vc_row]\n","protected":false},"excerpt":{"rendered":"<p>[vc_row css=&#8221;.vc_custom_1764088807639{margin-top: 80px !important;}&#8221;][vc_column][vc_column_text] Roberta Maria Pagani Partner La Scala Societ\u00e0 Tra Avvocati[\/vc_column_text][\/vc_column][\/vc_row][vc_row][vc_column width=&#8221;1\/2&#8243;][vc_single_image image=&#8221;1085&#8243; img_size=&#8221;full&#8221;][\/vc_column][vc_column width=&#8221;1\/2&#8243;][vc_column_text]In Studio dal 2016, \u00e8 Partner dal 2026. Svolge la sua attivit\u00e0 nel team concorsuale. \u00c8 esperta di diritto della crisi d\u2019impresa, in particolare di liquidazione giudiziale e procedure di sovraindebitamento. Fornisce assistenza a primari istituti bancari e servicer&hellip;<\/p>\n","protected":false},"author":1,"featured_media":0,"parent":0,"menu_order":0,"comment_status":"closed","ping_status":"closed","template":"","meta":{"footnotes":""},"class_list":["post-1082","page","type-page","status-publish","hentry"],"_links":{"self":[{"href":"https:\/\/creditvillage.news\/cvlab\/wp-json\/wp\/v2\/pages\/1082","targetHints":{"allow":["GET"]}}],"collection":[{"href":"https:\/\/creditvillage.news\/cvlab\/wp-json\/wp\/v2\/pages"}],"about":[{"href":"https:\/\/creditvillage.news\/cvlab\/wp-json\/wp\/v2\/types\/page"}],"author":[{"embeddable":true,"href":"https:\/\/creditvillage.news\/cvlab\/wp-json\/wp\/v2\/users\/1"}],"replies":[{"embeddable":true,"href":"https:\/\/creditvillage.news\/cvlab\/wp-json\/wp\/v2\/comments?post=1082"}],"version-history":[{"count":3,"href":"https:\/\/creditvillage.news\/cvlab\/wp-json\/wp\/v2\/pages\/1082\/revisions"}],"predecessor-version":[{"id":1086,"href":"https:\/\/creditvillage.news\/cvlab\/wp-json\/wp\/v2\/pages\/1082\/revisions\/1086"}],"wp:attachment":[{"href":"https:\/\/creditvillage.news\/cvlab\/wp-json\/wp\/v2\/media?parent=1082"}],"curies":[{"name":"wp","href":"https:\/\/api.w.org\/{rel}","templated":true}]}}